{"id":29732,"date":"2025-07-02T07:57:14","date_gmt":"2025-07-02T07:57:14","guid":{"rendered":"https:\/\/minikkitap.com\/index.php\/product\/genc-yazarlar-icin-hikaye-anlaticiligi-kilavuzu\/"},"modified":"2025-07-02T07:57:39","modified_gmt":"2025-07-02T07:57:39","slug":"genc-yazarlar-icin-hikaye-anlaticiligi-kilavuzu","status":"publish","type":"product","link":"https:\/\/minikkitap.com\/index.php\/product\/genc-yazarlar-icin-hikaye-anlaticiligi-kilavuzu\/","title":{"rendered":"GEN\u00c7 YAZARLAR \u0130\u00c7\u0130N H\u0130K\u00c2YE ANLATICILI\u011eI KILAVUZU"},"content":{"rendered":"<p>\u201c\u0130nsano\u011flunun hik\u00e2ye anlat\u0131c\u0131l\u0131\u011f\u0131n\u0131 bir\u00e7ok hayati \u015feyden \u00e7ok \u00f6nce \u00f6\u011frendi\u011fini biliyoruz. Y\u00fcz binlerce y\u0131ldan beri hik\u00e2ye anlat\u0131yoruz. Bu kadim ve \u015fahane i\u015fi yapman i\u00e7in sana yard\u0131m etmeye niyetliyim. Birlikte \u00e7al\u0131\u015faca\u011f\u0131z. \u00c7al\u0131\u015fmam\u0131z bitti\u011finde eskisinden daha iyi hik\u00e2yeler anlataca\u011f\u0131na eminim. \u00c7\u00fcnk\u00fc \u2018yarat\u0131c\u0131l\u0131k&#8217; do\u011fu\u015ftan gelen bir arma\u011fan de\u011fildir. \u00d6\u011frenilir, \u00e7al\u0131\u015farak elde edilir.\u201d  Anlatacak bir hik\u00e2yeniz var ama s\u00f6zc\u00fck denizinde nas\u0131l ilerleyece\u011fini bilmeyen bir kaptan gibi mi hissediyorsunuz? Ya da bir yol haritas\u0131na m\u0131 ihtiyac\u0131n\u0131z var? Yoksa yazarl\u0131\u011f\u0131n do\u011fu\u015ftan gelen bir yetenek oldu\u011funu mu d\u00fc\u015f\u00fcn\u00fcyorsunuz? Polisiye edebiyat\u0131m\u0131z\u0131n en \u00f6nemli isimlerinden Celil Oker, elinizdeki kitapta t\u00fcm bu sorulara yan\u0131t veriyor, Yarat\u0131c\u0131 Yazarl\u0131k Teknikleri e\u011fitimlerindeki deneyimini gen\u00e7 yazar adaylar\u0131yla payla\u015f\u0131yor. Do\u011fru bir y\u00f6ntemle \u00e7al\u0131\u015ft\u0131\u011f\u0131n\u0131zda yaz\u0131n\u0131n o b\u00fcy\u00fcl\u00fc d\u00fcnyas\u0131na pek\u00e2l\u00e2 girebilece\u011finizi, yazarl\u0131\u011f\u0131n do\u011fu\u015ftan kazan\u0131lan bir yetenek olmad\u0131\u011f\u0131n\u0131 s\u00f6yl\u00fcyor. Olay \u00f6rg\u00fcs\u00fc, karakter yaratmak, \u00e7at\u0131\u015fma, diyalog ve \u00fcslup gibi kurmacan\u0131n temel \u00f6\u011felerinin \u00f6rneklerle anlat\u0131ld\u0131\u011f\u0131 kitapta hik\u00e2ye anlatma sanat\u0131n\u0131n incelikleri g\u00f6steriliyor, i\u015fin p\u00fcf noktalar\u0131n\u0131 ve bu alanda s\u0131k yap\u0131lan yanl\u0131\u015flara dikkat \u00e7ekiliyor. Gen\u00e7 Yazarlar \u0130\u00e7in Hik\u00e2ye Anlat\u0131c\u0131l\u0131\u011f\u0131 K\u0131lavuzu, anlatacak bir hik\u00e2yesi olan gen\u00e7 yazar adaylar\u0131 i\u00e7in \u00e7ok de\u011ferli bir k\u0131lavuz.<\/p>\n","protected":false},"excerpt":{"rendered":"<p>Author Name : CEL\u0130L OKER<\/p>\n","protected":false},"featured_media":30963,"comment_status":"closed","ping_status":"open","template":"","meta":[],"product_brand":[],"product_cat":[74],"product_tag":[],"class_list":{"0":"post-29732","1":"product","2":"type-product","3":"status-publish","4":"has-post-thumbnail","6":"product_cat-kurgu","8":"first","9":"instock","10":"purchasable","11":"product-type-simple"},"_links":{"self":[{"href":"https:\/\/minikkitap.com\/index.php\/wp-json\/wp\/v2\/product\/29732","targetHints":{"allow":["GET"]}}],"collection":[{"href":"https:\/\/minikkitap.com\/index.php\/wp-json\/wp\/v2\/product"}],"about":[{"href":"https:\/\/minikkitap.com\/index.php\/wp-json\/wp\/v2\/types\/product"}],"replies":[{"embeddable":true,"href":"https:\/\/minikkitap.com\/index.php\/wp-json\/wp\/v2\/comments?post=29732"}],"version-history":[{"count":1,"href":"https:\/\/minikkitap.com\/index.php\/wp-json\/wp\/v2\/product\/29732\/revisions"}],"predecessor-version":[{"id":29733,"href":"https:\/\/minikkitap.com\/index.php\/wp-json\/wp\/v2\/product\/29732\/revisions\/29733"}],"wp:featuredmedia":[{"embeddable":true,"href":"https:\/\/minikkitap.com\/index.php\/wp-json\/wp\/v2\/media\/30963"}],"wp:attachment":[{"href":"https:\/\/minikkitap.com\/index.php\/wp-json\/wp\/v2\/media?parent=29732"}],"wp:term":[{"taxonomy":"product_brand","embeddable":true,"href":"https:\/\/minikkitap.com\/index.php\/wp-json\/wp\/v2\/product_brand?post=29732"},{"taxonomy":"product_cat","embeddable":true,"href":"https:\/\/minikkitap.com\/index.php\/wp-json\/wp\/v2\/product_cat?post=29732"},{"taxonomy":"product_tag","embeddable":true,"href":"https:\/\/minikkitap.com\/index.php\/wp-json\/wp\/v2\/product_tag?post=29732"}],"curies":[{"name":"wp","href":"https:\/\/api.w.org\/{rel}","templated":true}]}}