{"id":29292,"date":"2026-02-14T22:00:03","date_gmt":"2026-02-14T22:00:03","guid":{"rendered":"https:\/\/minikkitap.com\/index.php\/product\/10dan-sonrasi-karisik\/"},"modified":"2026-02-14T22:00:17","modified_gmt":"2026-02-14T22:00:17","slug":"10dan-sonrasi-karisik","status":"publish","type":"product","link":"https:\/\/minikkitap.com\/index.php\/product\/10dan-sonrasi-karisik\/","title":{"rendered":"10\u2019DAN SONRASI KARI\u015eIK"},"content":{"rendered":"<p>Hayat\u0131m\u0131n ilk on y\u0131l\u0131 i\u015fler gayet t\u0131k\u0131r\u0131ndayd\u0131. Sonra, birden ON B\u0130R ya\u015f \u00e7\u0131kageldi! G\u00fczel bir karne sonras\u0131 muhte\u015fem bir yaz tatili ge\u00e7irece\u011fimi hayal ederken, neredeyse her yeni g\u00fcne tats\u0131z bir s\u00fcrprizle uyanmaya ba\u015flad\u0131m! S\u00fcper haval\u0131 ablam g\u00f6zlerimin \u00f6n\u00fcnde her ge\u00e7en g\u00fcn daha da g\u00fczelle\u015firken, ben kendimi aynada tan\u0131yamaz h\u00e2le geldim. \u00dcst\u00fcne, en yak\u0131n arkada\u015f\u0131mla yollar\u0131m\u0131z\u0131n ayr\u0131laca\u011f\u0131n\u0131 \u00f6\u011frendim&#8230; Tam, i\u015fler acaba daha ne kadar k\u00f6t\u00fcle\u015febilir diye d\u00fc\u015f\u00fcn\u00fcrken&#8230; Sence, Selin&#8217;in hayat\u0131nda bundan sonra neler oldu? Selin bu de\u011fi\u015fimlerle ba\u015f edebilecek mi? B\u00fcy\u00fcmek ve de\u011fi\u015fimlere uyum sa\u011flamak ger\u00e7ekten bu kadar zor mu? \u0130pek Demir Gedik bu ilk \u00e7ocuk roman\u0131yla \u00e7ocukluk ve gen\u00e7lik aras\u0131nda yolunu bulmaya \u00e7al\u0131\u015fan ergenlere sesleniyor. Bol kahkahal\u0131, az a\u011flamal\u0131, biraz rekabet\u00e7i, az\u0131c\u0131k \u00e7\u0131lg\u0131n!<\/p>\n","protected":false},"excerpt":{"rendered":"<p>Author Name : \u0130PEK DEM\u0130R GED\u0130K<\/p>\n","protected":false},"featured_media":30656,"comment_status":"closed","ping_status":"open","template":"","meta":[],"product_brand":[],"product_cat":[72],"product_tag":[],"class_list":{"0":"post-29292","1":"product","2":"type-product","3":"status-publish","4":"has-post-thumbnail","6":"product_cat-cocuk-kitaplari","8":"first","9":"instock","10":"purchasable","11":"product-type-simple"},"_links":{"self":[{"href":"https:\/\/minikkitap.com\/index.php\/wp-json\/wp\/v2\/product\/29292","targetHints":{"allow":["GET"]}}],"collection":[{"href":"https:\/\/minikkitap.com\/index.php\/wp-json\/wp\/v2\/product"}],"about":[{"href":"https:\/\/minikkitap.com\/index.php\/wp-json\/wp\/v2\/types\/product"}],"replies":[{"embeddable":true,"href":"https:\/\/minikkitap.com\/index.php\/wp-json\/wp\/v2\/comments?post=29292"}],"version-history":[{"count":1,"href":"https:\/\/minikkitap.com\/index.php\/wp-json\/wp\/v2\/product\/29292\/revisions"}],"predecessor-version":[{"id":29293,"href":"https:\/\/minikkitap.com\/index.php\/wp-json\/wp\/v2\/product\/29292\/revisions\/29293"}],"wp:featuredmedia":[{"embeddable":true,"href":"https:\/\/minikkitap.com\/index.php\/wp-json\/wp\/v2\/media\/30656"}],"wp:attachment":[{"href":"https:\/\/minikkitap.com\/index.php\/wp-json\/wp\/v2\/media?parent=29292"}],"wp:term":[{"taxonomy":"product_brand","embeddable":true,"href":"https:\/\/minikkitap.com\/index.php\/wp-json\/wp\/v2\/product_brand?post=29292"},{"taxonomy":"product_cat","embeddable":true,"href":"https:\/\/minikkitap.com\/index.php\/wp-json\/wp\/v2\/product_cat?post=29292"},{"taxonomy":"product_tag","embeddable":true,"href":"https:\/\/minikkitap.com\/index.php\/wp-json\/wp\/v2\/product_tag?post=29292"}],"curies":[{"name":"wp","href":"https:\/\/api.w.org\/{rel}","templated":true}]}}